{"id":132,"date":"2024-03-22T20:22:15","date_gmt":"2024-03-22T19:22:15","guid":{"rendered":"https:\/\/labiereducurieux.fr\/?page_id=132"},"modified":"2024-03-22T20:30:19","modified_gmt":"2024-03-22T19:30:19","slug":"stage-de-biere","status":"publish","type":"page","link":"https:\/\/labiereducurieux.fr\/index.php\/stage-de-biere\/","title":{"rendered":"Stage de bi\u00e8re"},"content":{"rendered":"\n<p><\/p>\n\n\n\n<p><\/p>\n\n\n\n<p>D\u00e9roulement du stage<\/p>\n\n\n\n<p>&#8211; Explications g\u00e9n\u00e9rales<\/p>\n\n\n\n<p>&#8211; D\u00e9couverte de la brasserie<\/p>\n\n\n\n<p>&#8211; Recette avec le logiciel<\/p>\n\n\n\n<p>&#8211; S\u00e9lection des ingr\u00e9dients<\/p>\n\n\n\n<p>&#8211; Concassage<\/p>\n\n\n\n<p>&#8211; Brassage<\/p>\n\n\n\n<p>&#8211; Rin\u00e7age<\/p>\n\n\n\n<p>&#8211; Houblonnage<\/p>\n\n\n\n<p>&#8211; Refroidissement<\/p>\n\n\n\n<p>&#8211; Mise en fermentation avec la levure<\/p>\n\n\n\n<p>&#8211; Sucrage<\/p>\n\n\n\n<p>&#8211; Mise en bouteille<\/p>\n\n\n\n<p>&#8211; Sertissage des capsules<\/p>\n\n\n\n<p>&#8211; Fabrication et pose des \u00e9tiquettes<\/p>\n\n\n\n<p>Le repas de midi du premier jour est inclus dans le prix pour 2 personnes<\/p>\n\n\n\n<p>La formation doit se faire sur 2 jours s\u00e9par\u00e9s par 4 semaines de fermentation. Si vous souhaitez mettre les 2 jours cons\u00e9cutifs, une plus-value de 20 euros est appliqu\u00e9 car je fais un brassin de m\u00eame recette, et on swappe les 2 brassins \u00e0 la fin du premier jour<\/p>\n\n\n\n<p>Dur\u00e9e 7 heures le premier jour, 3 heures le second jour<\/p>\n\n\n\n<p>Prix 150.00 euros pour 1 brassin avec 2 participants<\/p>\n\n\n\n<p>Convenir d&#8217;un planning ensemble pour validation d\u00e9finitive<\/p>\n\n\n\n<p>Les stagiaires repartent avec 45 canettes de leur bi\u00e8re &#8230; et l&#8217;envie de revenir !<\/p>\n\n\n\n<p><\/p>\n\n\n\n<figure class=\"wp-block-image size-full\"><img loading=\"lazy\" decoding=\"async\" width=\"350\" height=\"350\" src=\"https:\/\/labiereducurieux.fr\/wp-content\/uploads\/2024\/03\/18740389_10155366039899595_8614963965679361557_n-1.jpg\" alt=\"\" class=\"wp-image-96\" srcset=\"https:\/\/labiereducurieux.fr\/wp-content\/uploads\/2024\/03\/18740389_10155366039899595_8614963965679361557_n-1.jpg 350w, https:\/\/labiereducurieux.fr\/wp-content\/uploads\/2024\/03\/18740389_10155366039899595_8614963965679361557_n-1-300x300.jpg 300w, https:\/\/labiereducurieux.fr\/wp-content\/uploads\/2024\/03\/18740389_10155366039899595_8614963965679361557_n-1-150x150.jpg 150w, https:\/\/labiereducurieux.fr\/wp-content\/uploads\/2024\/03\/18740389_10155366039899595_8614963965679361557_n-1-100x100.jpg 100w\" sizes=\"auto, (max-width: 350px) 100vw, 350px\" \/><\/figure>\n","protected":false},"excerpt":{"rendered":"<p>D\u00e9roulement du stage &#8211; Explications g\u00e9n\u00e9rales &#8211; D\u00e9couverte de la brasserie &#8211; Recette avec le logiciel &#8211; S\u00e9lection des ingr\u00e9dients &#8211; Concassage &#8211; Brassage &#8211; Rin\u00e7age &#8211; Houblonnage &#8211; Refroidissement &#8211; Mise en fermentation avec la levure &#8211; Sucrage &#8211; Mise en bouteille &#8211; Sertissage des capsules &#8211; Fabrication et pose des \u00e9tiquettes Le repas &hellip; <\/p>\n<p class=\"link-more\"><a href=\"https:\/\/labiereducurieux.fr\/index.php\/stage-de-biere\/\" class=\"more-link\">Continue reading<span class=\"screen-reader-text\"> &#8220;Stage de bi\u00e8re&#8221;<\/span><\/a><\/p>\n","protected":false},"author":2,"featured_media":0,"parent":0,"menu_order":0,"comment_status":"closed","ping_status":"closed","template":"","meta":{"footnotes":""},"class_list":["post-132","page","type-page","status-publish","hentry"],"_links":{"self":[{"href":"https:\/\/labiereducurieux.fr\/index.php\/wp-json\/wp\/v2\/pages\/132","targetHints":{"allow":["GET"]}}],"collection":[{"href":"https:\/\/labiereducurieux.fr\/index.php\/wp-json\/wp\/v2\/pages"}],"about":[{"href":"https:\/\/labiereducurieux.fr\/index.php\/wp-json\/wp\/v2\/types\/page"}],"author":[{"embeddable":true,"href":"https:\/\/labiereducurieux.fr\/index.php\/wp-json\/wp\/v2\/users\/2"}],"replies":[{"embeddable":true,"href":"https:\/\/labiereducurieux.fr\/index.php\/wp-json\/wp\/v2\/comments?post=132"}],"version-history":[{"count":3,"href":"https:\/\/labiereducurieux.fr\/index.php\/wp-json\/wp\/v2\/pages\/132\/revisions"}],"predecessor-version":[{"id":137,"href":"https:\/\/labiereducurieux.fr\/index.php\/wp-json\/wp\/v2\/pages\/132\/revisions\/137"}],"wp:attachment":[{"href":"https:\/\/labiereducurieux.fr\/index.php\/wp-json\/wp\/v2\/media?parent=132"}],"curies":[{"name":"wp","href":"https:\/\/api.w.org\/{rel}","templated":true}]}}